t common factor of 47 and w?
47
Let s = 96 - 91. Suppose 0 = -w - 0*g - 4*g + 14, 5*g = -5*w + 10. Let o be 41 - (0 - w)*-2. Calculate the highest common factor of o and s.
5
Suppose 0 = n + i - 45, -i = -0*n + 2*n - 85. Let j be 6/(-10) + 18*(-56)/(-80). Let s be j/(-4)*32/(-12). What is the greatest common factor of s and n?
8
Let z be 233*1 - (-67 + 73). Let t = 248 - z. Suppose 5*u + 14 = c - 0*c, 2*u - 56 = -4*c. What is the highest common factor of t and c?
7
Let x = -6997 + 7080. What is the highest common factor of x and 2?
1
Let t = -90 + 99. Let l be 0 + t*(-72)/(-4). What is the highest common divisor of l and 36?
18
Suppose 4*r = 2*r + x + 77, 0 = -3*r + 2*x + 118. Suppose 9*c + 26*c + 37*c = 11232. What is the greatest common factor of c and r?
12
Let s = 8913 + -8893. Calculate the highest common factor of 5870 and s.
10
Suppose -15*i + 1077 = -3435 - 438. Calculate the highest common divisor of 3135 and i.
165
Let b be 3600/56 - (-10)/(-35). Suppose 70*z = b*z + 2538. Calculate the highest common factor of z and 9.
9
Suppose 17*j - 134 = 2195. Suppose 13 = 25*o - j. Calculate the highest common divisor of o and 14.
2
Suppose 0 = -2*w + 3*g + 153, w - 5*g - 26 = 33. Let r be 2/(-1)*(-42)/w - -56. What is the highest common factor of 57 and r?
57
Let f(u) = -463*u - 2612. Let o be f(-6). Calculate the highest common divisor of 9379 and o.
83
Let b(u) = -3*u**2 - 10*u - 7. Let k be b(-2). Calculate the highest common factor of k and 2143.
1
Suppose 26*t = 7 + 71. Let q(z) = 2*z**3 + 6*z**2 - 11*z + 12. Let g be q(t). Calculate the highest common factor of 29 and g.
29
Suppose 0 = 5*o - 0*o - 3930. Let y = o - 445. Let p = 132 + -101. What is the highest common factor of p and y?
31
Let d(r) = -2*r - 7. Let g be d(-6). Let f be (12/(-12))/((-90)/66 + 36/99). Calculate the highest common factor of g and f.
1
Let d be (8/12)/((-10)/(-3375)). Let q be (-1 - 1) + 3*9. Calculate the highest common divisor of d and q.
25
Suppose -2*m + b = -117, 0 = 226*m - 229*m + 2*b + 175. What is the greatest common factor of 177 and m?
59
Suppose 13*t + 11*t = 0. Suppose 4*o - 221 + 29 = t. Calculate the highest common factor of 2 and o.
2
Let c be (-3)/(-2)*36/27. Let y be (-46)/(-4)*(c + 0). Suppose 0 = -189*o + 260*o - 13064. What is the highest common divisor of o and y?
23
Let v be 37/13 - 3 - (-23922)/351. Suppose 73*m - v*m = 80. What is the highest common divisor of m and 48?
16
Suppose -z + 125 = 5. Let a = 40 - 37. Suppose a*l - 162 + 42 = 0. What is the greatest common divisor of l and z?
40
Let w = -13571 + 13577. What is the highest common factor of w and 2382?
6
Let q = -7926 + 7990. What is the greatest common divisor of q and 7552?
64
Let m(l) = 2*l - 3. Let r(q) = -q + 2. Let v(a) = -6*m(a) - 13*r(a). Let i be v(18). Let t = 17 - 13. Calculate the greatest common factor of i and t.
2
Suppose -2*g + 5149 = -3*f + 874, -g - 5*f + 2170 = 0. Calculate the greatest common factor of 66 and g.
33
Suppose 1092 = 48*m - 9*m. What is the greatest common divisor of 128 and m?
4
Suppose 5*v = -4*l + 135, -5*v = 4*l - 2*l - 55. Suppose -8 - l = -m. Let y = 78 - m. Calculate the greatest common divisor of y and 20.
10
Suppose 0 = -18*g + 30131 - 30077. What is the highest common factor of 543 and g?
3
Suppose 17*x - 10272 = -22*x - 68*x. Let c(u) = -u**3 - 3*u**2 - 4*u. Let a be c(-4). What is the greatest common factor of a and x?
32
Let v = -7275 + 7434. Calculate the greatest common divisor of v and 4929.
159
Let k be -4 + 7/7 - 0. Let i(l) = -23*l**3 + 4*l + 18. Let a be i(k). What is the highest common divisor of 57 and a?
57
Suppose -3*x - 4*y - 101 = 9, -5*y - 147 = 4*x. Let f be (31 + x)*13*-1. Let l be (-2)/4 - 81/(-6). Calculate the highest common factor of l and f.
13
Let t = -194 - -481. Let k = t - 127. Suppose -161*b = 76*b + 44*b - 5620. Calculate the greatest common divisor of b and k.
20
Let m = -2687 + 3077. Calculate the highest common factor of m and 715.
65
Let f(m) = 2*m**2 + 15*m + 48. Let w be f(-4). Let p = -30 - -24. Let x be (-13210)/(-60) - (-1)/p. Calculate the highest common factor of x and w.
20
Suppose -2*b + 12 = 4*x, -3*b = -x + 7 + 3. Suppose x*u + 2*u - 114 = 0. Let h(p) = -16*p + 8. Let r be h(-9). Calculate the highest common divisor of u and r.
19
Let l(z) = 5*z**3 + 2*z**2 + 16*z + 4. Let k(p) = 2*p**2 + 2. Let g(m) = -4*k(m) + l(m). Let r be g(2). What is the highest common factor of 8 and r?
4
Suppose -5*x = 4*s - 1293, -3*x + 235 = 3*s - 542. Calculate the greatest common divisor of x and 2827.
257
Let w = 260 + -263. Let p be 21 + w*3*4/18. What is the greatest common factor of p and 209?
19
Let o(z) be the second derivative of 151*z**3/6 + 21*z**2/2 + 68*z. Let p be o(2). Calculate the highest common factor of p and 17.
17
Suppose 57819*g - 57862*g = -86. What is the highest common factor of g and 1931?
1
Suppose 47*c + 169 = 60*c. Suppose -4*y + 5*h = -394, -4*h = -y - c + 117. Calculate the greatest common divisor of y and 3.
3
Let a be 90/(-10) - -2*(-8351)/(-14). Calculate the greatest common divisor of a and 814.
74
Suppose 24*j = 19*j + 15. Suppose -3*z - 5 + 2 = 0, -5*z - 35 = -j*q. Calculate the greatest common divisor of 5 and q.
5
Let x = -240 - -933. Suppose 5448*p = 5594*p - 9198. Calculate the highest common divisor of p and x.
63
Suppose -8*j + j + 112 = 0. Suppose j*k = 14*k + 36. Let c = 32 + -14. Calculate the greatest common divisor of k and c.
18
Let j(r) = 426*r - 183. Let p be j(3). Let w = -860 + p. Calculate the greatest common divisor of w and 5.
5
Let y = 430 + -431. Let v be y/((-125)/(-168) + 48/(-64)). What is the greatest common factor of v and 96?
24
Suppose 5*z + 10 = 0, z + 1 + 1 = -5*w. Suppose g - 22*g + 63 = w. What is the highest common factor of 33 and g?
3
Let j(i) = 4*i + 112. Let o be j(-17). Suppose -4*z + 4*l = -864, 0*z + 5*l + 200 = z. What is the highest common factor of o and z?
44
Suppose -5*i - 1621 = -3*k, -5*k - 613 = 3*i + 346. Let s = -113 - i. Calculate the highest common factor of 42 and s.
42
Suppose -n + 3*n + j - 651 = 0, 0 = 3*n + 2*j - 976. Let h = n + -303. What is the greatest common factor of 299 and h?
23
Let k = -30 - -48. What is the greatest common divisor of k and 1572?
6
Let a(f) = -5*f + 71. Let l be a(8). Suppose -l - 279 = -4*c - 5*h, 0 = -2*c - 5*h + 160. Let q = -69 + 129. What is the highest common divisor of q and c?
15
Suppose 0 = t + t - 4. Let m(h) = 3*h**3 + h**2 + h - 1. Let p be m(t). Let z = p - 15. What is the highest common divisor of z and 42?
14
Suppose 4*j - 1185 = j. Let f = -127561 - -127566. Calculate the highest common divisor of f and j.
5
Let a = 747 - 448. Suppose 2*w + 131 = a. Calculate the greatest common factor of w and 112.
28
Suppose 429 + 179 = 8*y. What is the greatest common factor of 2014 and y?
38
Suppose m - 3*x - 108 = 0, 5*m = 8*m + 3*x - 348. What is the highest common divisor of m and 247?
19
Let o(v) = -98*v + 7120. Let u be o(-53). What is the highest common divisor of 282 and u?
94
Suppose 4*q - 164 = -4*o, 0 = q - 3*q - 5*o + 73. Suppose -4*k - 5*l = -4, 0*k = -k - 3*l - 6. Let n = k - 2. Calculate the highest common factor of q and n.
4
Suppose 9 = -626*r + 627*r. Let l(x) = 16*x - 72. Let f be l(r). What is the greatest common factor of 24 and f?
24
Suppose -2*d = -5*n + 1316 + 10299, -2*n + 4646 = -d. What is the highest common divisor of 46 and n?
23
Let v = 7 - 13. Let f = 9 + v. Suppose -81*k - 18*k + 1485 = -0*k. Calculate the highest common divisor of f and k.
3
Let f = -7165 + 7243. What is the greatest common divisor of 299 and f?
13
Let t(k) = 3*k**2 + 23*k + 39. Suppose 4*y + 86 - 38 = 0. Let p be t(y). Calculate the highest common divisor of p and 117.
39
Let t = 5151 + -3636. Calculate the highest common factor of t and 303.
303
Let v = 670 + -261. Suppose -6*x + 4*h = -3*x - v, 0 = -3*x + h + 424. What is the highest common divisor of 22 and x?
11
Suppose 572 = 5*d + 6*d. Suppose 305 = -4*y - 2*k + 1647, 4*y + 5*k = 1327. What is the greatest common divisor of d and y?
26
Let l = -147 + 192. Suppose -15*m + l = -0*m. Let h(d) = -d**3 + 3*d**2 + 8*d - 10. Let b be h(4). Calculate the greatest common divisor of m and b.
3
Let z(o) = -125*o**2 - 2*o + 7191. Let t be z(0). Ca